{"id":1083,"date":"2017-08-07T13:26:27","date_gmt":"2017-08-07T11:26:27","guid":{"rendered":"http:\/\/www.der-foodie.de\/home\/?page_id=1083"},"modified":"2023-01-30T12:26:37","modified_gmt":"2023-01-30T11:26:37","slug":"foodie-menue-august-2017","status":"publish","type":"page","link":"https:\/\/www.der-foodie.de\/home\/aktuelles\/foodie-menue-august-2017\/","title":{"rendered":"Impressionen food!e-Genuss-Abend August 2017 mit Andr\u00e9 M\u00fchlfriedel"},"content":{"rendered":"<div class=\"t4p-one-half one_half t4p-column\">\n<p>Am Samstag, dem 12.08.2017 fand unser food!e-Genuss-Abend zum ersten Mal statt. Die G\u00e4ste wurden im Laufe des Abends von Andr\u00e9 M\u00fchlfriedel und Adrian Sch\u00f6nfeld mit einem 6-Gang-Men\u00fc kulinarisch verw\u00f6hnt. Dazu wurden korrespondierende Weine gereicht.<\/p>\n<\/div>\n<div class=\"t4p-one-half one_half t4p-column last\">\n<p>Unser front cooking-Konzept kam hervorragend an. Die G\u00e4ste verstanden sich auf Anhieb &#8211; es gab keine Schweigepausen, au\u00dfer beim Essen, es wurde laut erz\u00e4hlt und gelacht. Nach kurzer Zeit waren alle beim Du und genossen nicht nur kulinarisch den Abend.<\/p>\n<\/div><div class=\"t4p-clearfix\"><\/div>\n","protected":false},"excerpt":{"rendered":"","protected":false},"author":1,"featured_media":0,"parent":942,"menu_order":0,"comment_status":"closed","ping_status":"closed","template":"","meta":[],"_links":{"self":[{"href":"https:\/\/www.der-foodie.de\/home\/wp-json\/wp\/v2\/pages\/1083"}],"collection":[{"href":"https:\/\/www.der-foodie.de\/home\/wp-json\/wp\/v2\/pages"}],"about":[{"href":"https:\/\/www.der-foodie.de\/home\/wp-json\/wp\/v2\/types\/page"}],"author":[{"embeddable":true,"href":"https:\/\/www.der-foodie.de\/home\/wp-json\/wp\/v2\/users\/1"}],"replies":[{"embeddable":true,"href":"https:\/\/www.der-foodie.de\/home\/wp-json\/wp\/v2\/comments?post=1083"}],"version-history":[{"count":13,"href":"https:\/\/www.der-foodie.de\/home\/wp-json\/wp\/v2\/pages\/1083\/revisions"}],"predecessor-version":[{"id":1206,"href":"https:\/\/www.der-foodie.de\/home\/wp-json\/wp\/v2\/pages\/1083\/revisions\/1206"}],"up":[{"embeddable":true,"href":"https:\/\/www.der-foodie.de\/home\/wp-json\/wp\/v2\/pages\/942"}],"wp:attachment":[{"href":"https:\/\/www.der-foodie.de\/home\/wp-json\/wp\/v2\/media?parent=1083"}],"curies":[{"name":"wp","href":"https:\/\/api.w.org\/{rel}","templated":true}]}}