{"id":1846,"date":"2018-04-26T09:25:50","date_gmt":"2018-04-26T07:25:50","guid":{"rendered":"http:\/\/www.der-foodie.de\/home\/?page_id=1846"},"modified":"2024-07-09T14:43:29","modified_gmt":"2024-07-09T12:43:29","slug":"foodie-genussabend-april-2018","status":"publish","type":"page","link":"https:\/\/www.der-foodie.de\/home\/aktuelles\/foodie-genussabend-april-2018\/","title":{"rendered":"Impressionen food!e-Genuss-Abend April 2018 mit Andr\u00e9 M\u00fchlfriedel"},"content":{"rendered":"<div class=\"t4p-one-half one_half t4p-column\">\n<p>Unser food!e-Genuss-Abend am 20.04.2018 war f\u00fcr unsere G\u00e4ste wieder ein tolles Geschmackserlebnis. Sternekoch Andr\u00e9 M\u00fchlfriedel kreierte\u00a0 &#8211; in<\/p>\n<\/div>\n<div class=\"t4p-one-half one_half t4p-column last\">\n<p>schon bew\u00e4hrter Weise &#8211; ein Sechs-Gang-Men\u00fc, welches den ungeteilten Beifall der G\u00e4ste fand.<\/p>\n<\/div><div class=\"t4p-clearfix\"><\/div>\n","protected":false},"excerpt":{"rendered":"","protected":false},"author":1,"featured_media":0,"parent":942,"menu_order":0,"comment_status":"closed","ping_status":"closed","template":"","meta":[],"_links":{"self":[{"href":"https:\/\/www.der-foodie.de\/home\/wp-json\/wp\/v2\/pages\/1846"}],"collection":[{"href":"https:\/\/www.der-foodie.de\/home\/wp-json\/wp\/v2\/pages"}],"about":[{"href":"https:\/\/www.der-foodie.de\/home\/wp-json\/wp\/v2\/types\/page"}],"author":[{"embeddable":true,"href":"https:\/\/www.der-foodie.de\/home\/wp-json\/wp\/v2\/users\/1"}],"replies":[{"embeddable":true,"href":"https:\/\/www.der-foodie.de\/home\/wp-json\/wp\/v2\/comments?post=1846"}],"version-history":[{"count":4,"href":"https:\/\/www.der-foodie.de\/home\/wp-json\/wp\/v2\/pages\/1846\/revisions"}],"predecessor-version":[{"id":1851,"href":"https:\/\/www.der-foodie.de\/home\/wp-json\/wp\/v2\/pages\/1846\/revisions\/1851"}],"up":[{"embeddable":true,"href":"https:\/\/www.der-foodie.de\/home\/wp-json\/wp\/v2\/pages\/942"}],"wp:attachment":[{"href":"https:\/\/www.der-foodie.de\/home\/wp-json\/wp\/v2\/media?parent=1846"}],"curies":[{"name":"wp","href":"https:\/\/api.w.org\/{rel}","templated":true}]}}